4. Let d(k) = -3*j(k) - 8*s(k). What is d(-5)?
6
Suppose 0 = -49*a + 32*a - 85. Let r(c) = -15*c - 66. Calculate r(a).
9
Let i(a) = a**3 + 4*a**2 - 3. Let f(w) = -w + 9. Let b be f(5). Suppose 3*o = -b*g - 3, -o = g + 2*o + 12. Let u be 2/3*(2 - 4)*g. Give i(u).
-3
Let p(f) = -6*f + 3. Let c(u) = 22*u - 9. Let v(m) = 5*c(m) + 18*p(m). Suppose -5*x = -4*b + 25, 10 = -2*x + 2*b - 0. What is v(x)?
-1
Let y(r) = -r**3 - 5*r**2 + 17*r + 16. Let s be y(-7). Let u(h) be the third derivative of -1/3*h**3 - 1/24*h**4 + 11*h**2 + 0 + 0*h. What is u(s)?
3
Suppose 0 = -13*k + 21 + 70. Suppose -11 = 2*z - k*z + 4*t, -2*z - t = 6. Let c(n) = -43*n**2 - n - 1. What is c(z)?
-43
Let f(c) be the third derivative of c**5/6 + 9*c**4/8 - c**3/2 - 2512*c**2. What is f(-3)?
6
Suppose 2*o + 5*o = 70. Let s(m) = -5*m - 1 + o*m - 4*m - 11. Let q(i) = 8*i**2 - 15*i - 14. Let w be q(-1). Determine s(w).
-3
Let t be -5*-2*3*22/30. Suppose -72 = 25*d - t*d. Let c = -21 - d. Let x(k) = k**2 - 4*k + 2. What is x(c)?
-1
Let b = 4 + 0. Let q(t) = 10 + 5 + 12 - 35 - 5*t + 9. Let x(r) = r. Let h(p) = q(p) + 6*x(p). Determine h(b).
5
Let w(l) = 13*l**2 + 5*l + 10. Let f(y) = 7*y**2 + 2*y + 5. Let x(c) = 11*f(c) - 6*w(c). Suppose 4*u + 26 - 14 = g, 4*u - 4 = 3*g. Give x(g).
-5
Let f(t) be the third derivative of 51*t**2 - 2/3*t**3 + 0 + 1/20*t**5 - 1/8*t**4 + 0*t. Determine f(-2).
14
Let t(c) = -c**3 + 5*c**2 - 6. Suppose 5*f + 4 = 19. Suppose 0 = s - 4, 4*n - 2*n - f*s = -96. Let y = n - -47. What is t(y)?
-6
Let k(x) = -x - 7. Let l = 19 - 15. Suppose 0 = 3*r + 5*g - 46, -14 = -l*r + 2*g + 30. Suppose -5*i = -5*t - 20, 3*i + r = -3*t + i. Give k(t).
-3
Let s(a) = -488373 - a**2 + 488344 + 12*a - 32*a. Give s(-7).
62
Suppose -16 = -4*i, 0*x = 5*x + i + 1. Let d(a) = 29*a + 6. Determine d(x).
-23
Suppose -7*p - 2*p + 207 = 0. Suppose 3*m + 17 = p. Suppose m*q = 7*q, 40 = -5*n + 2*q. Let r(x) = -x**3 - 7*x**2 + 6*x - 11. What is r(n)?
5
Suppose 0 = 114*d - 106*d - 152. Let s be 8/(-2) + (d - 16). Let f(q) = -2*q**2 - 1. Determine f(s).
-3
Let c = 70/33 + -59/33. Let r(l) be the first derivative of -5*l**2 - 3*l - 5 - c*l**3. Determine r(-4).
21
Let d(l) = -l**3 - 7*l**2 + l + 6. Let o be 614/8 - 68/(-272). Suppose -v - o = -70. What is d(v)?
-1
Let v be 400/(-20) + 4 + 10. Let m(k) = 10*k + 23. Determine m(v).
-37
Let j(k) = 40*k**2 - 2*k - 9*k**3 + 3 - 20*k**2 + 6*k**3 - 26*k**2 + 2*k**3. What is j(-6)?
15
Let j(q) = -q + 33. Let b = -1355 + 1381. Determine j(b).
7
Let f(t) = 6*t - 21. Let k be f(4). Suppose 100 = 13*i - k*i. Let c = i - 11. Let h(p) = -8*p**2 - 2*p - 1. Determine h(c).
-7
Let u(l) = -60*l**3 + 43*l**2 + 20*l - 20. Let f(r) = -11*r**3 + 9*r**2 + 3*r - 4. Let w(y) = 11*f(y) - 2*u(y). Give w(5).
161
Let s(u) = 2*u**2 + 8*u + 85*u**3 - 2*u**2 + 4*u**2 + 8*u**2 + 18 - 84*u**3. What is s(-12)?
-78
Let h(a) = 24 - 1987*a + 655*a + 676*a + 21*a**2 - a**3 + 657*a. Give h(21).
45
Let t(j) = -7*j - 2. Let o = 4 + -5. Let d be t(o). Let w(b) = -2 + 0*b - 4*b + d*b. What is w(6)?
4
Let k(y) = 4 + 2*y + 9 - y. Let u = -313770 - -313761. Calculate k(u).
4
Suppose 1859 - 1211 = 36*c. Let r(u) = u**2 - 23*u - 1. Calculate r(c).
-91
Let m(r) = -r - 5 - 3 - 4 - 1. Let y be 29/(-232) - (435/40 - 0). Determine m(y).
-2
Let d(z) = z - 11. Suppose -10695 = 28*w - 10639. What is d(w)?
-13
Let b(g) = 60*g + 484. Let s be b(-8). Let i(u) = -9*u - 4. Let a be 1/(-3) - 4/6. Let x(o) = -o. Let j(y) = a*i(y) + 6*x(y). What is j(s)?
16
Let g(h) be the third derivative of h**5/120 - 13*h**4/24 - 38*h**3/3 + h**2 - h. Let k(l) be the first derivative of g(l). Determine k(10).
-3
Let x = 808 - 805. Let i(d) be the third derivative of -9*d**2 - 1/24*d**4 + 0 + 1/6*d**x + 0*d. Give i(-5).
6
Let t(x) = x**2 + 2*x - 4. Let z be t(-3). Let g be 70 + (-10)/(-4)*24/20. Let y(d) = 2 + d - g*d**2 - 1 + 35*d**2 + 33*d**2. What is y(z)?
-5
Let z(n) = -n**2 - 25*n - 13. Let q(p) = 2*p**2 + 71*p + 35. Let y(o) = 3*q(o) + 8*z(o). Give y(6).
7
Let n(h) = -h**3 + 14*h**2 - 10*h - 24. Let z be 1215/93 + 80/(-1240). Give n(z).
15
Suppose -160*r = 232*r + 13*r + 3645. Let o(l) = 3*l**2 + 16*l - 15. Determine o(r).
84
Let y(b) be the third derivative of b**6/120 - b**5/40 + b**4/6 - 40*b**3/3 - 6*b**2 + 3. Let n(j) be the first derivative of y(j). What is n(3)?
22
Let m be ((-34)/(-68))/((-2)/(-96)). Let f(t) = -3*t**2 - m*t**3 - t - 2 - 23*t**3 + 46*t**3. What is f(-3)?
1
Let d(q) = 14*q**3 + q**2. Let h(v) = -20*v - 321. Let a be h(-16). What is d(a)?
-13
Let j(u) = 10*u + 100. Let d = 10609 - 10620. Determine j(d).
-10
Suppose 0 = -2*c + 5*n - 2*n + 2, 5*c - 30 = -5*n. Suppose 11 = -c*q - 13. Let o = 8 + q. Let p(b) = 2*b**2 - 2*b. Determine p(o).
4
Let f(v) = 3*v - 2. Let h be f(2). Let c(l) be the second derivative of 5*l**3/6 - l**2 + 10663*l. What is c(h)?
18
Let f = 47 + -47. Suppose f*g = -g + h + 14, 4*g = -5*h + 29. Suppose -14 = 5*a + 2*w, 5*a + 46 = 5*w + g. Let z(r) = -r**3 - 3*r**2 + 2*r - 3. Give z(a).
5
Let d(j) = j**2 - 9*j + 3. Let u be d(8). Let i be (-6)/(-27) - u*(-2)/45. Let q(y) = i + 0 - y**2 - 31*y + 34*y - 1. Give q(1).
1
Let m(j) = j + 1. Let h(w) = 2*w - 13 - 5 + 1 - 3. Let a(q) = -2. Let y(x) = 22*a(x) - 2*h(x). Let c(b) = 3*m(b) + y(b). What is c(8)?
-9
Let i(g) = -4*g + 25. Let a(w) = -w + 5. Suppose -j + 4*r + 11 = 0, 5*j + r - 3*r = -17. Let k(b) = j*a(b) + i(b). Give k(8).
8
Let k(n) = -12*n - 26. Let b be (7/(-2) - 0)*(-6696)/(-3906). Determine k(b).
46
Let u = 240 - 226. Suppose -217 = 17*p + u*p. Let c(g) = -g**2 - 10*g - 9. Give c(p).
12
Let q be -3 + (((-28)/49)/(2/(-7)) - -12). Let c(g) = -10*g + 21. What is c(q)?
-89
Let a(y) be the first derivative of -6*y - 2/3*y**3 + 148 + 7/2*y**2. Calculate a(4).
-10
Let q = 2 + 2. Let x(p) = -7*p**2 - 135*p + 2. Let i(g) = -3*g**2 - 60*g. Let f(b) = -9*i(b) + 4*x(b). Determine f(q).
-8
Suppose 0 = -2*w + 3*y + 24 + 31, -4*y - 35 = -w. Let l(q) = -11*q - 6*q - 1 + w*q - 5*q. Suppose 3*s - 5 = 13. Determine l(s).
5
Let d(h) = 49*h - 11*h**2 + 124 - h**3 + 18*h - 241 - 2*h**2 + 115. What is d(4)?
-6
Suppose 0 = -5*n - 4 - 36. Let i(a) = 3*a**2 - 36*a - 38. Let h(u) = -u**2 + 14*u + 13. Let o(y) = 8*h(y) + 3*i(y). Calculate o(n).
22
Let x be (-7 - (-2 - -4)) + (16 - 7). Let b(d) = -2*d**2 + d - 16. What is b(x)?
-16
Suppose -6 = 2*b + 4*u, 0 = -4*b - 6*u + 10*u + 48. Let t(r) = -16*r + 23. What is t(b)?
-89
Let n(x) = -15*x + 2. Let u = 3873 + -3874. Calculate n(u).
17
Let i be -18*(-8 - 200/(-24)). Let r(n) be the third derivative of -1/6*n**3 + 0*n - 1/12*n**4 + 0 + 4*n**2. Determine r(i).
11
Suppose v = x + 12, 0 = 11*v - 9*v + 4*x. Let m(k) = -k**3 + k**2 - k + 1. Let n(w) = 6*w**3 - 13*w**2 + 7*w - 14. Let i(o) = -5*m(o) - n(o). Calculate i(v).
-7
Let x(s) = s**2 - 12*s + 38. Let d be x(5). Let p(t) = 272 + 0*t - 203 - d*t. Let i be p(20). Let q(n) = n - 7. Determine q(i).
2
Let v(a) = -14*a**2 - a + 10. Let k(s) = 48*s**2 + 4*s - 30. Let h(l) = 2*k(l) + 7*v(l). Determine h(3).
-5
Let v(c) = -64*c - 4030. Let j be v(-63). Let k(o) = 5*o**3 - 2*o**2 + 2*o - 1. Give k(j).
35
Let j(c) = -21*c**3 - c**2 + 2*c - 1. Let u(f) = -5*f**3 + 3*f**2 - 5*f - 3. Let x be u(3). Let t = x + 127. Give j(t).
-21
Let d be 64/96*-1*15. Let t be ((-8)/d)/((-3)/(-15)). Let c(o) = -2 + o**3 + 4 - 2*o**3 + 6*o**2 - 3*o. Calculate c(t).
22
Suppose -2193 = -23*y - 1779. Let s(i) = -24*i + 422. Give s(y).
-10
Let x(o) = 7*o**3 - 4*o**2 + 1. Let d(c) = -5*c**3 + 3*c**2 + 18 - 32 - 4*c**3 + 13. Let l(w) = -3*d(w) - 4*x(w). Determine l(7).
-1
Let m = -188 + 193. Suppose -5 = -2*w + m, 2*o + 5*w - 17 = 0. Let v(c) = c**2 + 6*c + 4. Calculate v(o).
-4
Let o(m) = -m**2 + 4. Let i(l) = 11*l - 38. Let t be i(3). Let r be 2 + t/((-15)/(-6)). What is o(r)?
4
Let o(a) = a + 8. Let y be (-10)/(-4)*-39*64/(-120). Suppose 0 = 12*h + 44 + y. Give o(h).
0
Let j(f) = -2*f**3 + 18*f**2 + 53*f + 11. Let w(d) = d**3 - 9*d**2 - 26*d - 6. Let g(h) = -2*j(h) - 5*w(h). Determine g(11).
30
Suppose 0 = -63*m + 71*m - 16. Let c(k) = k**2 - 2*k - 5. What is c(m)?
-5
Let j = -32 - -49. Let h(v) = -4 - v - 2*v**2 - j*v - 9*v**2. Let c(i) = 5*i**2 + 9*i + 2. Let b(q) = 9*c(q) + 4*h(q). What is b(-8)?
-6
Let n(b) = b**2 + 2. Let j(f) = 5*f**2 + 9*f - 4. Let o = -230 + 234. Let i(s) = o*